{"id":7,"date":"2013-12-30T19:44:37","date_gmt":"2013-12-30T19:44:37","guid":{"rendered":"http:\/\/newsfromheaven.info\/?page_id=7"},"modified":"2026-04-03T20:16:41","modified_gmt":"2026-04-03T20:16:41","slug":"who-gets-the-news-from-heaven-and-why","status":"publish","type":"page","link":"https:\/\/newsfromheaven.info\/?page_id=7","title":{"rendered":"\u00dcber mich"},"content":{"rendered":"\n<p>Ich hei\u00dfe Martin. Derzeit lebe lebe ich in \u00d6sterreich, und permanent im Himmel.  <\/p>\n\n\n\n<p>Ich schreibe \u00fcber Erfahrungen, die ich als inspirierend oder bereichernd empfinde. Einige sind sehr pers\u00f6nlich und nur schwer in Worte zu fassen &#8211; deshalb dr\u00fccke ich sie manchmal in einem Gedicht aus. Um die Bedeutung einzelner Beitr\u00e4ge besser zu verstehen, ist es hilfreich, mehrere zu lesen. Sie stehen miteinander in Beziehung und entwickeln einen tieferen Sinn, wenn man sie im&nbsp;Ganzen betrachtet.<\/p>\n\n\n\n<p>Man kann mich\u00a0gerne per E-Mail erreichen unter: martinATnewsfromheaven.info<\/p>\n\n\n\n<p>Mit himmlischen Gr\u00fc\u00dfen<\/p>\n\n\n\n<p>Martin<\/p>\n","protected":false},"excerpt":{"rendered":"<p>Ich hei\u00dfe Martin. Derzeit lebe lebe ich in \u00d6sterreich, und permanent im Himmel. Ich schreibe \u00fcber Erfahrungen, die ich als inspirierend oder bereichernd empfinde. Einige sind sehr pers\u00f6nlich und nur schwer in Worte zu fassen &#8211; deshalb dr\u00fccke ich sie manchmal in einem Gedicht aus. Um die Bedeutung einzelner Beitr\u00e4ge besser zu verstehen, ist es hilfreich, mehrere zu lesen. Sie stehen miteinander in Beziehung und entwickeln einen tieferen Sinn, wenn man sie im&nbsp;Ganzen betrachtet. Man kann mich\u00a0gerne per E-Mail erreichen unter: martinATnewsfromheaven.info Mit himmlischen Gr\u00fc\u00dfen Martin<\/p>\n","protected":false},"author":1,"featured_media":0,"parent":0,"menu_order":0,"comment_status":"closed","ping_status":"closed","template":"","meta":{"footnotes":""},"class_list":["post-7","page","type-page","status-publish","hentry"],"_links":{"self":[{"href":"https:\/\/newsfromheaven.info\/index.php?rest_route=\/wp\/v2\/pages\/7","targetHints":{"allow":["GET"]}}],"collection":[{"href":"https:\/\/newsfromheaven.info\/index.php?rest_route=\/wp\/v2\/pages"}],"about":[{"href":"https:\/\/newsfromheaven.info\/index.php?rest_route=\/wp\/v2\/types\/page"}],"author":[{"embeddable":true,"href":"https:\/\/newsfromheaven.info\/index.php?rest_route=\/wp\/v2\/users\/1"}],"replies":[{"embeddable":true,"href":"https:\/\/newsfromheaven.info\/index.php?rest_route=%2Fwp%2Fv2%2Fcomments&post=7"}],"version-history":[{"count":18,"href":"https:\/\/newsfromheaven.info\/index.php?rest_route=\/wp\/v2\/pages\/7\/revisions"}],"predecessor-version":[{"id":1069,"href":"https:\/\/newsfromheaven.info\/index.php?rest_route=\/wp\/v2\/pages\/7\/revisions\/1069"}],"wp:attachment":[{"href":"https:\/\/newsfromheaven.info\/index.php?rest_route=%2Fwp%2Fv2%2Fmedia&parent=7"}],"curies":[{"name":"wp","href":"https:\/\/api.w.org\/{rel}","templated":true}]}}